{"id":12,"date":"2013-04-23T08:33:20","date_gmt":"2013-04-23T08:33:20","guid":{"rendered":"http:\/\/www.stefandevylder.com\/?page_id=12"},"modified":"2018-04-03T08:09:30","modified_gmt":"2018-04-03T08:09:30","slug":"curriculum-vitae","status":"publish","type":"page","link":"https:\/\/stefandevylder.com\/?page_id=12","title":{"rendered":"Curriculum Vitae"},"content":{"rendered":"<p style=\"text-align: left;\"><a href=\"http:\/\/stefandevylder.com\/wp-content\/uploads\/2018\/04\/CV_Stefan_deVylder.pdf\" target=\"_blank\" rel=\"noopener\">Download CV as pdf<\/a><\/p>\n<p><strong>Degrees:<\/strong><br \/>\nA-levels (&#8220;Studentexamen&#8221;), Hermods Korrespondensinstitut, 1962<br \/>\nB.A. in Economics at the Stockholm School of Economics, 1966<br \/>\nPh.D. in Economics at the Stockholm School of Economics, 1974<\/p>\n<p><strong>University Appointments:<\/strong><br \/>\nAssociate professor (&#8220;docent&#8221;) in development economics at the Stockholm School of Economics, November 1989 &#8211; December 1992.<br \/>\nLecturer and research fellow at the Stockholm School of Economics, 1973-75, autumn 1979, spring 1980 &#8211; winter 1982<br \/>\nLecturer at the University of Stockholm (part-time) January-June 1976, January-June 1979<br \/>\nAssistant lecturer at the Stockholm School of Economics, 1969-71<\/p>\n<p><strong>Other appointments:<\/strong><br \/>\nConsultant (own consultancy firm: Stefan de Vylder Ekonomikonsult AB), 1985 &#8211; present<br \/>\nInterconsult Sweden AB January 1992 &#8211; January 1994, (part-time)<br \/>\nSenior economist and head of the research unit at the Research Division at SIDA (Swedish International Development Authority), 1982-1985<br \/>\nResearch Secretary at SAREC (Swedish Agency for Research Cooperation), spring 1979<br \/>\nEconomist at the Research Division at SIDA, April 1977-October 1978<br \/>\nEconomist at the Development Cooperation Office of the Swedish Embassy in Addis Abeba, September 1976-April 1977<br \/>\nMilitary service, 1968-69<br \/>\nTeacher at the Commercial School of Stockholm, 1967-68<br \/>\nComputer programmer (Swedish Bull), January-September 1963<\/p>\n<p><strong>Membership in professional organisations:<\/strong><\/p>\n<p>Association of Swedish Economists (\u201cNationalekonomiska f\u00f6reningen\u201d)<\/p>\n<p>Swedish Writers\u00b4 Association (\u201dSveriges F\u00f6rfattarf\u00f6rbund\u201d), board member 2003-2009, Vice President 2005-2006<\/p>\n<p>Swedish Writers\u00b4 Association, section of non-fiction writers, board member 2008-2013<\/p>\n<p>Swedish Development Forum (\u201cF\u00f6reningen f\u00f6r utvecklingsfr\u00e5gor\u201d), board member 2001-2005, President 2006-2010<\/p>\n<p>Association for Social Policy Debate (\u201dF\u00f6reningen f\u00f6r socialpolitisk debatt\u201d), President 1999-2008, board member 1999-present<\/p>\n<p>Swedish Society for Nature Conservation (\u201cSvenska Naturskyddsf\u00f6reningen\u201d), member of Expert Advisory Group 2007-present<\/p>\n<p>Swedish Unicef Committee, board member 2001-2003<\/p>\n<p>Swedish Society for Sexuality Education (RFSU, Riksf\u00f6rbundet f\u00f6r sexuell upplysning), board member 2003-2005, 2011-2013<\/p>\n<p>Forum f\u00f6r EU-debatt, board member 2012-present<\/p>\n<p><strong>Languages:<\/strong><br \/>\nSwedish: Mother tongue<br \/>\nEnglish, Spanish: Excellent<br \/>\nItalian, French, Portuguese: Fair knowledge<br \/>\nGerman, Russian, Amharic: Some knowledge<\/p>\n","protected":false},"excerpt":{"rendered":"<p>Download CV as pdf Degrees: A-levels (&#8220;Studentexamen&#8221;), Hermods Korrespondensinstitut, 1962 B.A. in Economics at the Stockholm School of Economics, 1966 Ph.D. in Economics at the Stockholm School of Economics, 1974 University Appointments: Associate professor (&#8220;docent&#8221;) in development economics at the Stockholm School of Economics, November 1989 &#8211; December 1992. Lecturer and research fellow at the [&hellip;]<\/p>\n","protected":false},"author":1,"featured_media":0,"parent":0,"menu_order":0,"comment_status":"closed","ping_status":"closed","template":"","meta":{"jetpack_post_was_ever_published":false,"footnotes":""},"class_list":["post-12","page","type-page","status-publish","hentry"],"jetpack_shortlink":"https:\/\/wp.me\/P3sHGm-c","jetpack_sharing_enabled":true,"_links":{"self":[{"href":"https:\/\/stefandevylder.com\/index.php?rest_route=\/wp\/v2\/pages\/12","targetHints":{"allow":["GET"]}}],"collection":[{"href":"https:\/\/stefandevylder.com\/index.php?rest_route=\/wp\/v2\/pages"}],"about":[{"href":"https:\/\/stefandevylder.com\/index.php?rest_route=\/wp\/v2\/types\/page"}],"author":[{"embeddable":true,"href":"https:\/\/stefandevylder.com\/index.php?rest_route=\/wp\/v2\/users\/1"}],"replies":[{"embeddable":true,"href":"https:\/\/stefandevylder.com\/index.php?rest_route=%2Fwp%2Fv2%2Fcomments&post=12"}],"version-history":[{"count":12,"href":"https:\/\/stefandevylder.com\/index.php?rest_route=\/wp\/v2\/pages\/12\/revisions"}],"predecessor-version":[{"id":253,"href":"https:\/\/stefandevylder.com\/index.php?rest_route=\/wp\/v2\/pages\/12\/revisions\/253"}],"wp:attachment":[{"href":"https:\/\/stefandevylder.com\/index.php?rest_route=%2Fwp%2Fv2%2Fmedia&parent=12"}],"curies":[{"name":"wp","href":"https:\/\/api.w.org\/{rel}","templated":true}]}}