{"id":24,"date":"2013-04-23T08:43:48","date_gmt":"2013-04-23T08:43:48","guid":{"rendered":"http:\/\/www.stefandevylder.com\/?page_id=24"},"modified":"2016-03-30T06:58:12","modified_gmt":"2016-03-30T06:58:12","slug":"reports-and-evaluations","status":"publish","type":"page","link":"https:\/\/stefandevylder.com\/?page_id=24","title":{"rendered":"Reports and evaluations"},"content":{"rendered":"<p><strong>Consultancy reports, Evaluations, etc:<\/strong><\/p>\n<p>\u201cEvaluation of research on Norwegian development assistance\u201d (with Dorothy Rosenberg, Stein-Erik Kruse, Karl Nilsson and Viktoria Hildenvall), final draft, January 2011<\/p>\n<p>\u201cChia Se in the Vietnamese Policy Context\u201d (with Hans Warfvinge), Simonstorp\/Stockholm, December 2008<\/p>\n<p>\u201cTRAPCA (Trade Policy Training Centre in Africa). Second report of the Monitoring Team\u201d, (with Bj\u00f6rn Mothander), Stockholm May 2008<\/p>\n<p>\u201cVietnam-Sweden Chia Se Poverty Alleviation Programme. Quality Assurance 2007\u201d (with Cecilia Brum\u00e9r, Robert B\u00e4ckstr\u00f6m, Nguyen Phuong Nga, and Tran Thi Van Anh\u201d) ORGUT, Stockholm\/Hanoi, March 2008<\/p>\n<p>\u201cHow Can Aid for Trade Transform LDCs?\u201d, issue paper commissioned by UNIDO, Vienna, mimeo, Stockholm August 2007<\/p>\n<p>\u201cTRAPCA (Trade Policy Training Centre in Africa). Monitoring Report 2007\u201d (with Bj\u00f6rn Mothander), Stockholm May 2007<\/p>\n<p>\u201cVietnam-Sweden Chia Se Poverty Alleviation Programme. Quality Assurance 2006\u201d (with Robert B\u00e4ckstr\u00f6m, Le Thi Hang, Torbj\u00f6rn \u00d6ckerman and Tran Thi Van Anh\u201d) ORGUT, Stockholm\/Hanoi, January 2007<\/p>\n<p>\u201cThe Impact of HIV\/AIDS on the Economy, Livelihoods and Poverty of Malawi\u201d (with Lisa Arrehag, Dick Durevall and Mirja Sj\u00f6blom), study commissioned by Sida, Sida Country Economic Report 2006:1, Stockholm January 2006<\/p>\n<p>\u201cChia Se Poverty Alleviation Programme. Quality Assurance 2005\u201d (with Torbj\u00f6rn \u00d6ckerman, Tran Thi Van Anh and Nguyen Phuong Nga), Stockholm\/Hanoi February 2006<\/p>\n<p>\u201cPrograma de capacitaci\u00f3n en econom\u00eda para funcionarios de la Rep\u00fablica de Cuba. Informe de evaluaci\u00f3n\u201d. Evaluation of economics training programme for government officials in Cuba (with Guillermo Garc\u00eda-Huidobro), in Spanish. Stockholm\/Santiago de Chile, February 2005<\/p>\n<p>\u201cTaxi f\u00f6r Alla. En rapport om ekonomiska aspekter p\u00e5 en f\u00f6rs\u00f6ksverksamhet i Stockholm med taxi f\u00f6r m\u00e4nniskor med funktionshinder\u201d (with Lennart Widell), in Swedish (an evaluation of a pilote project with taxis adopted to the needs of disabled people), Stockholm, November 2002<\/p>\n<p>&#8220;Poverty Reduction in South America: The Millennium Goal within or beyond Reach?&#8221;, report commissioned by Sida, Stockholm, June 2002<\/p>\n<p>&#8220;Handel och livsmedelss\u00e4kerhet&#8221; (&#8220;Trade and Food Security&#8221;, in Swedish, with Gunnel Axelsson-Nycander), bakgrundspapper till den svenska regeringen inf\u00f6r v\u00e4rldslivsmedelstoppm\u00f6tet i Rom i juni 2002, stencil, maj 2002<\/p>\n<p>&#8220;Financing Development in the Shadow of HIV\/AIDS&#8221;, policy paper commissioned by UNAIDS, mimeo, Geneva, March 2002<\/p>\n<p>&#8220;Utv\u00e4rdering av Expert Group on Development Issues (EGDI)&#8221; (&#8220;Evaluation of EGDI&#8221;, in Swedish, with Maria Norberg, B\u00f6rje Nilsson and Lennart Widell, report commissioned by Ministry for Foreign Affairs, Stockholm, oktober 2001<\/p>\n<p>&#8220;MUL-l\u00e4nderna och v\u00e4rldshandeln&#8221; (&#8220;The Least Developed Countries and the World Trade System&#8221;), with Gunnel Axelsson Nycander and Marianne Laanatza, team leader for a study commissioned by Sida\/INEC, Stockholm, April 2001, published (in Swedish and English) as Sida Studies no. 5\/2001<\/p>\n<p>&#8220;Ett integrerat syns\u00e4tt i bist\u00e5ndet? En granskning av Sidas fyra handlingsprogram&#8221; (&#8220;An Integrated Approach in Swedish Aid Policies? A review of Sida\u00b4s Four Action Programmes&#8221;, with Pierre Fr\u00fchling), a report commissioned by Sida, Stockholm, april 2000<\/p>\n<p>&#8220;Programa Descentralizado de Apoio \u00e0 Prov\u00edncia do Niassa. Proposta para o Sistema de Monitor\u00eda e Avaliacao&#8221; (with Gunilla \u00c5kesson, in Portuguese), V\u00e4xj\u00f6\/Stockholm, March 2000<\/p>\n<p>&#8220;Socio-economic Causes and Consequences of HIV\/AIDS&#8221;, Issue Paper, Sida, Health Division Document 1999:3, Stockholm 1999<\/p>\n<p>&#8220;Poverty Reduction in Namibia: Plan of Action&#8221;, team leader and co-author of a report commissioned by the National Planning Commission, Republic of Namibia, Windhoek, May 1999<\/p>\n<p>&#8220;The Agenda for Social Renewal and Children\u00b4s Secretariat in the West Bank\/Gaza &#8211; A Review&#8221; (team leader and co-author with Naela Ayed, Eva Eriksson, Eva Falkenberg and Annika Nordin-Jayawardena), Sida, Department for Democracy and Social Development, Stockholm, January 1999<\/p>\n<p>&#8220;Utveckling, fattigdom och livskvalitet&#8221;, kapitel i Utrikesdepartementets Asienstrategi, Ministry of Foreign Affairs, Stockholm, September 1998<\/p>\n<p>&#8220;Mainstreaming Gender in Namibia\u00b4s National Budget&#8221; (with Agneta Stark), Stockholm, May 1998<\/p>\n<p>&#8220;Vad \u00e4r en barnv\u00e4nlig ekonomisk politik? Problem och m\u00f6jligheter i transitionsekonomierna&#8221;, i Barns r\u00e4ttigheter i Baltikum och nordv\u00e4stra Ryssland, bilaga till barnarbetsgruppens rapport till Nordiska r\u00e5dets N\u00e4romr\u00e5desutskott, K\u00f6penhamn, oktober 1997<\/p>\n<p>&#8220;Poverty Reduction and Gender Equality: An Assessment of Sida\u00b4s Country Reports and Evaluations in 1995-96&#8221; (with Eva Tobisson), Sida Studies in Evaluation 1997\/2, Stockholm, 1997<\/p>\n<p>&#8220;Swedish Cooperation with the Philippines. An Assessment of Three Projects&#8221;, a report commissioned by Sida, Stockholm, January 1997<\/p>\n<p>&#8220;Human and Social Development and European Union Development Cooperation&#8221;, a policy paper commissioned by the European Commission, Brussels, September 1996<\/p>\n<p>&#8220;Economic Diversification in Amhara National Region State&#8221; (with Hans Dahlberg, Andu Alem Tegegne and Tesfaye Assefa), Bahir Dar, Ethiopia, June 1996<\/p>\n<p>&#8220;The Role and Mission of BoPED&#8221; (with Karl Knutsson, Karin Rudebeck and \u00d6rjan Mohlund), Bahir Dar, Ethiopia, March 1996<\/p>\n<p>&#8220;Evaluations of Balance of Payments Support: Case Study of Sweden.&#8221; In Evaluating Programme Aid, Volume II, Institute of Social Studies, The Hague, February 1996.<\/p>\n<p>&#8220;Children\u00b4s Rights, Development Strategies and Macroeconomic Policies&#8221;, paper commissioned by Swedish Save the Children, mimeo, Stockholm, January 1996<\/p>\n<p>&#8220;Analysis of Trends in Poverty&#8221;. A report commissioned by SIDAs Task Force on Poverty, mimeo, March 1995 (abbreviated and revised version published in Promoting Sustainable Livelihoods. A Report from the Task Force on Poverty Reduction, Sida, Stockholm 1996)<\/p>\n<p>&#8220;Sweden 1870-1995. The Rise and Fall of the &#8216;Swedish Model'&#8221;. A report commissioned by UNDP, Human Development Report Office, mimeo, Stockholm, October 1995, published by UNDP Human Development Report Office, Occasional Papers no. 26, New York 1996<\/p>\n<p>&#8220;The Role of Government in Zimbabwe\u00b4s Agricultural Development&#8221;, issues paper for the Ministry of Lands, Water and Rural Development, mimeo, Harare, December 1994<\/p>\n<p>&#8220;An\u00e1lisis de FONDOSILVA con propuestas para el futuro&#8221; (with Iv\u00e1n Guti\u00e9rrez and Jyrki Salmi, in Spanish), Managua, October 1994<\/p>\n<p>&#8220;Nicaragua 1994-2000. Macroeconomic Scenarios&#8221;, Managua, April 1994<\/p>\n<p>&#8220;Lao PDR. Energy Sector Review&#8221; (with Bj\u00f6rn Sonnerup), Stockholm\/Malm\u00f6, January 1994<\/p>\n<p>&#8220;Evaluation of Danida`s Balance of Payments Support&#8221; (with Michael Jacobsen and Jens Erik Torp), Copenhagen 1994<\/p>\n<p>&#8220;Proyecto Nueva Generaci\u00f3n. Evaluaci\u00f3n Fase I y comentarios Fase II&#8221; (in Spanish, with Enrique P\u00e9rez), Guatemala City, December 1993<\/p>\n<p>&#8220;The Lao-Swedish Forestry Cooperation Programme&#8221; (with M\u00e5rten Bendz and B\u00f6rje Wallberg), Stockholm, October 1993<\/p>\n<p>&#8220;Aid and Macroeconomics. An Evaluation of Swedish Import Support to Guinea-Bissau, Mozambique, Nicaragua and Vietnam&#8221;, SIDA Evaluation Report 1993\/2<\/p>\n<p>&#8220;Proposals for the Liberalisation of Agricultural Pricing and Marketing and the Development of Efficient and Competitive Marketing Boards&#8221; (with Interconsult Sweden AB, Michigan State University and Ministry of Lands, Agriculture and Water Development of Zimbabwe), Harare, May 1993<\/p>\n<p>&#8220;Nicaragua 1982-92. Macroeconomic Context and Relevance of the Forestry Sector Programme&#8221;, SIDA, Stockholm, December 1992<\/p>\n<p>&#8220;Rural Rehabilitation in Mozambique and the Role of Swedish Assistance&#8221;, SIDA, Stockholm 1992<\/p>\n<p>&#8220;Evaluation of SAREC&#8217;s Core Support to Swedish Academic Institutions&#8221; (with Anders Hjort av Orn\u00e4s, Lennart Peck and Jan Valdelin, in Swedish), Interconsult Sweden AB, Stockholm 1992<\/p>\n<p>&#8220;Analysenheten vid IRDC. En utv\u00e4rdering&#8221; (with Lennart Peck), Stockholm 1992<\/p>\n<p>&#8220;Evaluation of SEMOC&#8221; (National Seed Company of Mozambique), Interconsult Sweden AB, Stockholm 1992<\/p>\n<p>&#8220;Social Science in Africa. The Role of CODESRIA in Pan-African Cooperation&#8221; (with Anders Hjort af Orn\u00e4s), SAREC Evaluations, Stockholm 1991<\/p>\n<p>&#8220;Situations- og perspektivanalyse Vietnam&#8221;, report commissioned by DANIDA, Copenhagen 1991<\/p>\n<p>&#8220;Proyecto SCC\/ECODEPA en Nicaragua. Un Appraisal.&#8221; (with Eduardo Baumeister, in Spanish), Managua\/Stockholm 1991<\/p>\n<p>&#8220;The Socialist Republic of Vietnam&#8221; (with Adam Fforde), Asian Development Bank, Manila 1991<\/p>\n<p>&#8220;Chile inf\u00f6r 90-talet: en makroekonomisk \u00f6versikt&#8221;, SIDA, Stockholm 1990<\/p>\n<p>&#8220;The UN System in Ecuador&#8221;, (with Erik Hwist). A Study Commissioned by the Nordic UN Project, Stockholm\/Oslo 1989<\/p>\n<p>&#8220;The UN System in Bolivia&#8221; (with Erik Hwist). A Study Commissioned by the Nordic UN Project, Stockholm\/Oslo 1989<\/p>\n<p>&#8220;Nicaragua: Agricultural Sector&#8221;, paper prepared in connection with macroeconomic advisory mission to Nicaragua in 1989<\/p>\n<p>&#8220;Evaluaci\u00f3n del Programa de Acci\u00f3n Solidaria (PAS)&#8221; (in Spanish), Santiago\/Stockholm 1989<\/p>\n<p>&#8220;Nicaragua. Energy Sector Review&#8221; (with Per Johan Svenningsson), Stockholm 1988<\/p>\n<p>&#8220;Zambia. The Macroeconomic Framework and Medium-term Prospects&#8221;, SIDA 1988<\/p>\n<p>&#8220;Landrapport Guinea-Bissau&#8221;, (Country Report Guinea-Bissau), SIDA 1987<\/p>\n<p>&#8220;Swedish Import Support to Nicaragua&#8221;, 1987 (in Swedish)<\/p>\n<p>&#8220;The Exchange Rate Regime in Nicaragua and its Implications for Swedish Assistance&#8221;, 1987 (in Swedish)<\/p>\n<p>&#8220;Regional Co-operation in Central America&#8221;, (with Carl-Gustaf Svensson), 1987 (in Swedish)<\/p>\n<p>&#8220;Evaluation of the International Co-operative Alliance&#8217;s Development Program 1985-88&#8221; (with Lars Wicknerts, Roar Moelva and May Woldsnes), 1987<\/p>\n<p>&#8220;Import Support to Tanzania: The Macroeconomic Framework and Medium-Term Prospects&#8221;, 1987<\/p>\n<p>&#8220;Evaluation of the Intensive Rural works Programme (IRWP) in Bangladesh&#8221;, 1986 (team leader of joint Nordic evaluation mission)<\/p>\n<p>&#8220;Evaluation of the Co-operation between the Swedish Co-operative Centre and UNAG (Union Nacional de Agricultures y Ganaderos de Nicaragua), 1986 (team leader of evaluation mission. In Spanish)<\/p>\n<p>&#8220;On Disasters and Disaster Relief&#8221;, SIDA 1985 (in Swedish)<\/p>\n<p>&#8220;Landrapport Nicaragua&#8221; (Country Report Nicaragua), SIDA 1985 (in Swedish)<\/p>\n<p>&#8220;Landrapport Vietnam&#8221;, (Country Report Vietnam), SIDA 1984 (in Swedish)<\/p>\n<p>&#8220;Landrapport Laos&#8221; (Country Report Laos), SIDA 1983 (in Swedish)<\/p>\n<p>&#8220;Mid-term Evaluation of MONAP II&#8221; (Mozambique-Nordic Agricultural Program), 1983 (team leader of joint Nordic evaluation mission)<\/p>\n<p>A large number of minor consultancy reports.<\/p>\n","protected":false},"excerpt":{"rendered":"<p>Consultancy reports, Evaluations, etc: \u201cEvaluation of research on Norwegian development assistance\u201d (with Dorothy Rosenberg, Stein-Erik Kruse, Karl Nilsson and Viktoria Hildenvall), final draft, January 2011 \u201cChia Se in the Vietnamese Policy Context\u201d (with Hans Warfvinge), Simonstorp\/Stockholm, December 2008 \u201cTRAPCA (Trade Policy Training Centre in Africa). Second report of the Monitoring Team\u201d, (with Bj\u00f6rn Mothander), Stockholm [&hellip;]<\/p>\n","protected":false},"author":1,"featured_media":0,"parent":0,"menu_order":0,"comment_status":"closed","ping_status":"open","template":"","meta":{"jetpack_post_was_ever_published":false,"footnotes":""},"class_list":["post-24","page","type-page","status-publish","hentry"],"jetpack_shortlink":"https:\/\/wp.me\/P3sHGm-o","jetpack_sharing_enabled":true,"_links":{"self":[{"href":"https:\/\/stefandevylder.com\/index.php?rest_route=\/wp\/v2\/pages\/24","targetHints":{"allow":["GET"]}}],"collection":[{"href":"https:\/\/stefandevylder.com\/index.php?rest_route=\/wp\/v2\/pages"}],"about":[{"href":"https:\/\/stefandevylder.com\/index.php?rest_route=\/wp\/v2\/types\/page"}],"author":[{"embeddable":true,"href":"https:\/\/stefandevylder.com\/index.php?rest_route=\/wp\/v2\/users\/1"}],"replies":[{"embeddable":true,"href":"https:\/\/stefandevylder.com\/index.php?rest_route=%2Fwp%2Fv2%2Fcomments&post=24"}],"version-history":[{"count":2,"href":"https:\/\/stefandevylder.com\/index.php?rest_route=\/wp\/v2\/pages\/24\/revisions"}],"predecessor-version":[{"id":61,"href":"https:\/\/stefandevylder.com\/index.php?rest_route=\/wp\/v2\/pages\/24\/revisions\/61"}],"wp:attachment":[{"href":"https:\/\/stefandevylder.com\/index.php?rest_route=%2Fwp%2Fv2%2Fmedia&parent=24"}],"curies":[{"name":"wp","href":"https:\/\/api.w.org\/{rel}","templated":true}]}}