{"id":247,"date":"2018-04-03T08:02:37","date_gmt":"2018-04-03T08:02:37","guid":{"rendered":"http:\/\/stefandevylder.com\/?page_id=247"},"modified":"2023-09-13T10:08:48","modified_gmt":"2023-09-13T10:08:48","slug":"books","status":"publish","type":"page","link":"https:\/\/stefandevylder.com\/?page_id=247","title":{"rendered":"Books"},"content":{"rendered":"<p><strong>Books and Monographs<\/strong><\/p>\n<p>&#8220;50 \u00e5r efter kuppen \u2013 Om Chilekommitt\u00e9ns historia&#8221;. Boken \u00e4r en ber\u00e4ttelse om Chilekommitt\u00e9n och om en tidsanda som p\u00e5 1970-talet \u00e4nnu pr\u00e4glades av internationell solidaritet och optimism. (vulkan.se 2023). K\u00f6p boken p\u00e5 <a href=\"https:\/\/www.bokus.com\/bok\/9789189792333\/50-ar-efter-kuppen-om-chilekommittens-historia\/\" target=\"_blank\" rel=\"noopener\">Bokus<\/a> eller <a href=\"https:\/\/www.adlibris.com\/se\/bok\/50-ar-efter-kuppen-om-chilekommittens-historia-9789189792333\" target=\"_blank\" rel=\"noopener\">Adlibris<\/a>.<\/p>\n<p>&#8220;Det brinner \u2013 Rapport fr\u00e5n en hotad by&#8221; om de stora skogsbr\u00e4nderna sommaren 2018 med utg\u00e5ngspunkt fr\u00e5n K\u00e5rb\u00f6le.\u00a0(<strong><a href=\"http:\/\/themisforlag.se\/?page_id=1013\">Themis F\u00f6rlag 2019<\/a><\/strong>).<\/p>\n<p>&#8220;Innan jag flyttar in p\u00e5 hemmet och m\u00e5ste kasta alla mina gamla papper&#8221; (Themis F\u00f6rlag 2017).<br \/>\n<a href=\"http:\/\/stefandevylder.com\/?page_id=137\">Extramaterial till boken<\/a><\/p>\n<p>&#8220;Utvecklingens drivkrafter. Om fattigdom, rikedom och r\u00e4ttvisa i v\u00e4rlden&#8221; (&#8220;The Driving Forces of Development. Om Poverty, Wealth and Justice in the World&#8221;), third revised edition, Forum Syd 2013<\/p>\n<p>\u201cEurokrisen\u201d (\u201cThe Euro Crisis\u201d), Ordfront, 2012<\/p>\n<p>\u201dV\u00e4rldens springnota. Finanskrisen och v\u00e4gen fram\u00e5t\u201d, (\u201dThe Global Bailout. The Financial Crisis and the Road Ahead\u201d), Ordfront\/Forum Syd, Stockholm 2009, second edition 2010<\/p>\n<p>&#8220;Allende&#8217;s Chile. The Political Economy of the Rise and Fall of the Unidad Popular&#8221;, (revised version of Ph.D. thesis), Cambridge University Press, Cambridge\/New York\/Melbourne 1976. Second edition 2009.<\/p>\n<p>\u201cUtvecklingens drivkrafter. Om fattigdom, rikedom och r\u00e4ttvisa I v\u00e4rlden\u201d, (second revised edition, Forum Syd, September 2007)<\/p>\n<p>\u201cThe Least Developed Countries and World Trade\u201d, second revised edition. Sida Studies 19\/2007, Stockholm 2007<\/p>\n<p>\u201cThe Impact of HIV\/AIDS on the Economy, Livelihoods and Poverty of Malawi\u201d, Sida Studies No. 18\/2006 (with Lisa Arrehag, Dick Durevall and Mirja Sj\u00f6holm)<\/p>\n<p>&#8220;Utvecklingens drivkrafter. Om fattigdom, rikedom och r\u00e4ttvisa i v\u00e4rlden&#8221; (&#8220;The Driving Forces of Development. On Poverty, Wealth and Justice in the World&#8221;, in Swedish), Forum Syd, Stockholm 2002<\/p>\n<p>\u201cThe Least Developed Countries and World Trade\u201d (with Gunnel Axelsson Nycander and Marianne Laanatza), Sida Studies no. 5\/2001, Stockholm 2001 (also available in Swedish: \u201cDe minst utvecklade l\u00e4nderna och v\u00e4rldshandeln)<\/p>\n<p>&#8220;Macroeconomic Policies and Children&#8217;s Rights&#8221; (revised and updated edition of 1996 b)), R\u00e4dda Barnens F\u00f6rlag, Klippan 2000. Also available in Spanish, Vietnamese and Arabic<\/p>\n<p>&#8220;Barn och ekonomisk politik. F\u00f6r en alternativ statsbudget.&#8221; (&#8220;Children and Economic Policies&#8221;, in Swedish), R\u00e4dda Barnens F\u00f6rlag, Stockholm 1997<\/p>\n<p>&#8220;From Plan to Market. The Economic Transition in Vietnam&#8221; (with Adam Fforde), Westview Press, Boulding Co, 1996 (a). Also available in Vietnamese<\/p>\n<p>&#8220;Development Strategies, Macroeconomic Policies and the Rights of the Child&#8221;, R\u00e4dda Barnens F\u00f6rlag, Stockholm, 1996 (b)<\/p>\n<p>&#8220;Zimbabwe. En landanalys&#8221; (&#8220;Zimbabwe. A Country Analysis&#8221;, in Swedish), SIDA, Stockholm 1996 (c)<\/p>\n<p>&#8220;Om fattigdomen och r\u00e4ttvisan i v\u00e4rlden&#8221; (&#8220;On Poverty and Justice in the World&#8221;, in Swedish), Forum Syd, Stockholm 1995<\/p>\n<p>&#8220;Vietnam. An Economy in Transition&#8221; (with Adam Fforde), SIDA, Stockholm 1988<\/p>\n<p>&#8220;Bist\u00e5nd i kris&#8221; (&#8220;Foreign Aid in Crisis&#8221;, in Swedish), with Christian Andersson and Lars Heikensten, Liber f\u00f6rlag, Stockholm 1986<\/p>\n<p>&#8220;Nicaragua. En landanalys&#8221; (&#8220;Nicaragua. A Country Analysis&#8221;, in Swedish), SIDA, Stockholm 1981, revised and updated in 1986<\/p>\n<p>&#8220;Agriculture in Chains. Bangladesh: A Case Study in Contradictions and Constraints&#8221;, Zed Press\/Vikas Publishing House, London\/New Delhi\/Bombay\/Calcutta 1982<\/p>\n<p>&#8220;Chile 1970-73. The Political Economy of the Rise and Fall of the Unidad Popular&#8221;, Unga filosofers f\u00f6rlag, Stockholm 1974 (Ph.D. thesis)<\/p>\n<p>&#8220;From Colonialism to Dependence. An Introduction to Chile&#8217;s Economic History&#8221;, SIDA Development Studies 3\/74, Stockholm 1974<\/p>\n","protected":false},"excerpt":{"rendered":"<p>Books and Monographs &#8220;50 \u00e5r efter kuppen \u2013 Om Chilekommitt\u00e9ns historia&#8221;. Boken \u00e4r en ber\u00e4ttelse om Chilekommitt\u00e9n och om en tidsanda som p\u00e5 1970-talet \u00e4nnu pr\u00e4glades av internationell solidaritet och optimism. (vulkan.se 2023). K\u00f6p boken p\u00e5 Bokus eller Adlibris. &#8220;Det brinner \u2013 Rapport fr\u00e5n en hotad by&#8221; om de stora skogsbr\u00e4nderna sommaren 2018 med utg\u00e5ngspunkt [&hellip;]<\/p>\n","protected":false},"author":1,"featured_media":0,"parent":0,"menu_order":0,"comment_status":"closed","ping_status":"closed","template":"","meta":{"jetpack_post_was_ever_published":false,"footnotes":""},"class_list":["post-247","page","type-page","status-publish","hentry"],"jetpack_shortlink":"https:\/\/wp.me\/P3sHGm-3Z","jetpack_sharing_enabled":true,"_links":{"self":[{"href":"https:\/\/stefandevylder.com\/index.php?rest_route=\/wp\/v2\/pages\/247","targetHints":{"allow":["GET"]}}],"collection":[{"href":"https:\/\/stefandevylder.com\/index.php?rest_route=\/wp\/v2\/pages"}],"about":[{"href":"https:\/\/stefandevylder.com\/index.php?rest_route=\/wp\/v2\/types\/page"}],"author":[{"embeddable":true,"href":"https:\/\/stefandevylder.com\/index.php?rest_route=\/wp\/v2\/users\/1"}],"replies":[{"embeddable":true,"href":"https:\/\/stefandevylder.com\/index.php?rest_route=%2Fwp%2Fv2%2Fcomments&post=247"}],"version-history":[{"count":7,"href":"https:\/\/stefandevylder.com\/index.php?rest_route=\/wp\/v2\/pages\/247\/revisions"}],"predecessor-version":[{"id":357,"href":"https:\/\/stefandevylder.com\/index.php?rest_route=\/wp\/v2\/pages\/247\/revisions\/357"}],"wp:attachment":[{"href":"https:\/\/stefandevylder.com\/index.php?rest_route=%2Fwp%2Fv2%2Fmedia&parent=247"}],"curies":[{"name":"wp","href":"https:\/\/api.w.org\/{rel}","templated":true}]}}